e the remainder when h is divided by 17.
15
Let w(i) = -i**3 - 6*i**2 - 5*i + 4. Let v be w(-5). Let f(p) = 14*p - v - 14*p + 2*p**2. What is the remainder when f(-3) is divided by 5?
4
Suppose -4*g = -264 - 136. Suppose 0 = -z - 37 + g. Calculate the remainder when z is divided by 13.
11
Suppose -4*x - 4 = -20. Suppose 5*y - 4*y - 4 = 0. Suppose 4*c + 24 = y*t, 5*t - 38 = -c + x*c. Calculate the remainder when t is divided by 6.
4
Let f = -57 - -70. Let s = 2 + 34. What is the remainder when s is divided by f?
10
Let h = 0 - 1. Let z = h - -4. Let a = 14 - z. Calculate the remainder when 32 is divided by a.
10
Let m = -3 - -9. Suppose u + u = m. Calculate the remainder when 13 is divided by u.
1
Suppose 4*g = -0*g. Suppose g = -x - 3*x + 76. Calculate the remainder when x is divided by 7.
5
Let r = -22 + 39. Let a = -201 + 267. What is the remainder when a is divided by r?
15
Let d(f) = f - 5. Let q be d(6). Let i be ((-12)/(-30))/(q/245). Suppose 0*m + i = 2*m. What is the remainder when m is divided by 17?
15
Suppose p + 2*j - 150 = -4*p, -4*p - 5*j + 137 = 0. Calculate the remainder when p is divided by 15.
13
Suppose z - 5*z + 36 = 0. Suppose -4*k - 74 = -z*k - 4*b, -5*k + 4*b = -66. What is the remainder when 27 is divided by k?
13
What is the remainder when 38 is divided by 15/(10/4 - 1)?
8
Suppose 0 = -5*c + 5*h + 295, -c + 51 = h + 2*h. Calculate the remainder when c is divided by 20.
17
Let p be (20*-1)/(6/(-9)). What is the remainder when 44 is divided by (p/(-4))/((-4)/8)?
14
Suppose -7*d + 580 = -2*d - 4*z, 5*d - 580 = -z. What is the remainder when d is divided by 13?
12
Let q(h) = -3 - h - 10*h**2 + 3*h**2 - h**3 - h. Let v = -7 + 39. What is the remainder when v is divided by q(-7)?
10
Suppose a = -35 + 241. Suppose 2*n = -50 + a. What is the remainder when n is divided by 20?
18
Let m(s) = s**3 + 7*s**2 - s - 11. Calculate the remainder when m(-5) is divided by 12.
8
Suppose -14*b + 9*b = -150. Calculate the remainder when b is divided by 12.
6
Let y = -2 - -10. Suppose 0 = 3*g + 2*t - 48, -107 = -4*g - 4*t - 39. What is the remainder when g is divided by y?
6
Let s = 46 - 16. Calculate the remainder when s is divided by 16.
14
Let g be (2*(-1)/2)/(-1). What is the remainder when 8 is divided by (-1)/g*-3 - -2?
3
Suppose 3*r = b + 134, 5*b + 34 = -5*r + 224. Suppose 3*s - 2 = 2*s. Suppose -5*k = -s*k - 45. What is the remainder when r is divided by k?
13
Let i(d) = -10*d - 11. What is the remainder when 91 is divided by i(-3)?
15
What is the remainder when 30 is divided by (32/10)/(9/45)?
14
Let o(w) = 2*w**2 + 3. Suppose -5*a = -2*a - 183. Calculate the remainder when a is divided by o(-3).
19
Let w(m) = m**2 + 7*m + 2. Let f = 21 - 9. Let a = f - 10. Calculate the remainder when a is divided by w(-7).
0
Let t be (-4)/(-6) - 664/6. Let n = 158 + t. Suppose 2*m + 2*m = n. Calculate the remainder when 34 is divided by m.
10
Suppose -5*c - u = -874, u = -4*c + 282 + 417. Suppose 3*p + 21 = 3*w, 2*w = -w - 3*p + 3. Suppose -w*v + c = v. What is the remainder when v is divided by 12?
11
Let j(o) be the first derivative of -o**2/2 - o + 1. Calculate the remainder when 18 is divided by j(-6).
3
Let r(w) = -3*w - 3*w + 2*w**2 + w. Calculate the remainder when 34 is divided by r(4).
10
Let w(n) = 3*n - 15. What is the remainder when 33 is divided by w(7)?
3
Let f = -8 + 5. Let b be 2/12*-2*f. Suppose p - 7 = b. What is the remainder when 15 is divided by p?
7
Let o = -11 - -24. Calculate the remainder when ((-6)/(-9))/((-4)/(-222)) is divided by o.
11
Suppose 2*h + 2*h - 68 = 0. Let k be ((-560)/15)/((-2)/24). What is the remainder when 3/2*k/21 is divided by h?
15
Let l(h) = h - 1. Let r(i) = i - 1. Let y(c) = 4*l(c) - 5*r(c). Calculate the remainder when 18 is divided by y(-9).
8
Let a = -34 - -39. What is the remainder when 13 is divided by a?
3
Suppose 3 = 2*j - 1. What is the remainder when -1 - (-2 - (15 + -2)) is divided by 10/((-2)/(-2)*j)?
4
Suppose 0 = -2*g + 5*g - 309. Let j = 203 - g. Suppose j = 4*l - b, 5*b + 32 = l + l. Calculate the remainder when l is divided by 9.
8
What is the remainder when 19 is divided by (-11)/(2 - 15/5)?
8
Suppose m - 5*m = 148. Calculate the remainder when m/1*3/(-3) is divided by 13.
11
What is the remainder when (10 - 6) + 19/1 is divided by 41/3 - 4/6?
10
Let p(q) = q**2 - 7*q. Let k be p(6). Let i = 10 + k. Calculate the remainder when i is divided by 2.
0
Let q(l) = 2*l - 6 - 5*l + 2. Let y be q(-3). Suppose -7 - y = -r. What is the remainder when 34 is divided by r?
10
Suppose a + 142 = 3*n - 3*a, 4*a = n - 50. Let c = 26 + -10. Calculate the remainder when n is divided by c.
14
Let o = 51 - 22. Let c(p) = p**2 + 10*p - 28. Calculate the remainder when o is divided by c(-13).
7
Let q be (-27)/15*(-140)/21. Calculate the remainder when (q/(-14))/(2/(-84)) is divided by 19.
17
Suppose 4*g - 3*g = 4. Suppose -g*x = -x - 123. Calculate the remainder when x is divided by 14.
13
Suppose -95*l + 90*l + 80 = 0. What is the remainder when 111 is divided by l?
15
Let z = 13 + 7. Let n(b) = 3*b**2 - 7*b. Let o be n(6). Let x = o + -27. Calculate the remainder when x is divided by z.
19
Suppose -16 = 4*s - 4*r, 3*r = s - 0*r + 14. Let v(f) = f**3 - f**2 - f - 1. What is the remainder when v(2) is divided by s?
0
Suppose 266 = 2*k + 5*k. Calculate the remainder when k is divided by 23.
15
Suppose 4*y = 6*y - 44. Calculate the remainder when y is divided by 13.
9
Suppose 2*q + l = 4*l + 6, -3*l = 6. Let k(f) = f**3 + f**2 + f + 17. Let d = 104 - 72. Calculate the remainder when d is divided by k(q).
15
Let t(j) = 4*j + 2. What is the remainder when t(5) is divided by 13?
9
Suppose 6*x - 66 = 1314. What is the remainder when x is divided by 29?
27
Suppose 3*s + 3*m = 0, 0*s - m = -s - 4. Let r = s - -4. Suppose -4*q = -5*w + 228, 5*w - r*q = 42 + 182. Calculate the remainder when w is divided by 23.
21
Let q = 65 - 32. Suppose 3*z = 5*t + 51, 0 = 5*z + 4*t + 19 - 67. What is the remainder when q is divided by z?
9
Let q(i) = 2*i + 5. Let u be q(10). Suppose -k = -4*h + 65, 0 = 4*h - h + 4*k - u. Calculate the remainder when 29 is divided by h.
14
Let m be 10 - (3 + -1 - -1). Suppose 2*w - m*w = -85. Let i(c) = -c + 5. What is the remainder when w is divided by i(-4)?
8
Suppose -12 + 4 = 4*v. Let u be 39*(16/6 + v). Suppose -3*x - x + u = 5*h, -5*h - 10 = -5*x. Calculate the remainder when 6 is divided by x.
2
Suppose 9 = -0*t + t. Let f = t - 9. Suppose 3*o - p - 30 = 0, f = -6*p + 4*p. What is the remainder when 38 is divided by o?
8
Let j = 126 + -44. What is the remainder when j is divided by 30?
22
Let z(s) = s**3 - s**2 - 6*s + 4. Let l be z(4). Suppose -2*p - 33 - 13 = -4*r, 3*r + 5*p - l = 0. Calculate the remainder when 41 is divided by r.
8
Suppose 35*u - 84 = 32*u. What is the remainder when u is divided by 8?
4
What is the remainder when (-48)/112 - 216/(-14) is divided by 8?
7
Suppose 2*d - 5 = -g - 3*d, 3*g - 2*d - 66 = 0. What is the remainder when g is divided by 14?
6
Let u be (-6)/21 + (-1152)/(-14). Suppose -3*o = 4 - u. Calculate the remainder when o is divided by 7.
5
Let z = 28 - 13. Suppose 0 = i - z - 10. What is the remainder when 74 is divided by i?
24
Let r = 125 + -87. Calculate the remainder when 112 is divided by r.
36
Let t be 19 + -6*2/4. Suppose t = s - 13. What is the remainder when s is divided by 8?
5
Let s = -3 - -2. Let x = 5 + s. Suppose x*a - 65 = -h, 8*a = 3*a + 5*h + 100. What is the remainder when a is divided by 9?
8
Let d(p) = p**2 + 8*p - 3. Let a be d(-8). Let q = 1 + -4. What is the remainder when 11 is divided by 4*(a/q - 0)?
3
Suppose 24 = -k + 5*r, 4*k = -0*k + 2*r - 114. Let g = k - -85. Calculate the remainder when g is divided by 15.
11
Let q(k) = k**3 + 7*k**2 - 12*k - 9. Calculate the remainder when q(-8) is divided by 13.
10
Let c = -145 - -158. What is the remainder when 233 is divided by c?
12
Let w(v) = -v**3 - 1. Let x be w(2). Let i be (2/(-6))/(1/x). Suppose 2*t + 2*z = -i*z + 55, 4*z = -5*t + 129. What is the remainder when t is divided by 13?
12
Let d(l) = -2*l + 45. Calculate the remainder when 8 is divided by d(20).
3
Let u = 9 + 6. Let q = 10 + -20. Calculate the remainder when u is divided by (8/(-10))/(2/q).
3
Calculate the remai